uate 1 - 9 - (22 - (14 - -8)).
-8
(8 - (8 - 22)) + (4 - 16)
10
Evaluate 49 + -40 - (1 + 0) - -1.
9
What is 18 + -24 + 3 - (-1 + 9)?
-11
1 + -1 + (5 - 0 - -1)
6
Calculate -8 + -1 - -2 - (-31 + 17 + 6).
1
Evaluate 14 + (14 - 15 - 0).
13
5 - (0 + -2 + 9 - (92 - 87))
3
-4 - ((-6 - -5) + -1 + 3 - 2)
-3
Evaluate (-19 - (-6 + 2 - -11)) + 8.
-18
Evaluate 36 + -25 + -52 - -21.
-20
What is 54 + 95 + -132 - (-9 - (1 - 2))?
25
What is the value of 0 + (-4 - 11) + (-3 - 15 - -14)?
-19
Evaluate -2 + 28 - (601 - 602).
27
What is (-23 - -4) + (0 - 2) - (-49 + 53)?
-25
Evaluate 0 + -17 - (-135 - -109).
9
9 + -2 - (10 + -8 + -7)
12
What is 1 - (-11 + -25 - -16)?
21
What is 22 - 3 - (4 + 13 + -20)?
22
Calculate -9 - (-13 - 1 - 4).
9
What is the value of (-1 - 3) + (6 - (14 + -1))?
-11
Evaluate -1 - 2 - (-14 - -8 - -14).
-11
What is -10 + (-10 - -5 - -11) + 1?
-3
Evaluate 0 + 1 + (16 - -12 - 39).
-10
Calculate -7 + -3 + -8 + 5.
-13
-6 + (13 - 18) + 1
-10
What is 13 + -23 - (5 - -1) - -6?
-10
Calculate 4 + (14 - 2 - (7 + -2) - -2).
13
What is -9 - (-33 + 32 + 0 + 10)?
-18
Evaluate 0 + 2 - (24 + (-28 - -17)).
-11
-10 - (-13 + 6 + 10) - -16
3
Evaluate -1 - -24 - (-142 - -178).
-13
What is the value of 6 - ((26 + -4 - (9 + 1)) + -9)?
3
Calculate (-33 - 1) + 21 + 1 + 6.
-6
What is the value of (-2 - -6) + -2 + (1 - 3) - 1?
-1
(-6 - (-15 - 0)) + 1 + 7 + -42
-25
Evaluate -1 - (3 - (2 - -1)) - (184 - 189).
4
What is the value of 15 + -39 - -11 - -27?
14
What is the value of 151 + -156 - (-1 + -27)?
23
What is the value of -4 + (-2 - 4 - 7 - -8)?
-9
Evaluate 36 + -4 + -12 + -3 + 0.
17
Evaluate -37 + 30 + -8 + 37.
22
Evaluate -12 + (-7 - -4 - -23) - -3.
11
-16 - (2 - 4 - (3 + 5))
-6
Evaluate 1 - (1 + (4 + 1 - (-7 - -11))).
-1
What is the value of -234 - -246 - (-3 + -1) - 29?
-13
What is (-7 - -7) + 4 - 31 - (-4 + -1)?
-22
What is the value of 26 + 3 - 19 - (3 + -1)?
8
-8 - 0 - (16 + (-17 - 13))
6
Calculate 9 - (12 + 0 + -11 + 9).
-1
Evaluate (0 + -12 - -20) + (-1 - (3 + -1)).
5
What is (-14 - ((4 - -8) + -38)) + -44?
-32
Calculate 16 + -36 + 23 + -2 + -2.
-1
What is the value of -15 + (58 - (-33 + 68))?
8
6 + (3 - -4) + -12
1
Calculate 187 + -199 - (3 + -2 - 4).
-9
Evaluate 46 - 3 - (-396 + 472).
-33
Calculate (-15 - (3 + 0)) + (-18 + 8 - -10).
-18
What is the value of -16 - -11 - (0 - (4 + -6 + 20))?
13
Evaluate (13 - -38) + (-38 - -10).
23
What is the value of 5 - 3 - (14 - (-7 - -42))?
23
What is the value of 5 + 2 - (15 - (4 - -10))?
6
Calculate (2 - (9 + 11)) + (4 - 2) + 1.
-15
Calculate 6 + -2 + -15 - 1.
-12
-263 - -249 - (9 - 2)
-21
Evaluate -30 + 8 + 6 + -3.
-19
What is -21 + -14 - (55 - 75)?
-15
-20 + (3 - ((9 - 10) + -7 + 4))
-13
Calculate -10 - ((-2 - 22) + 0).
14
-247 + 255 - (0 - -44)
-36
Evaluate 3 - ((-16 - -24) + 12).
-17
Calculate 674 + -667 - (20 - 0).
-13
What is -5 - 0 - (4 - 6 - (4 + -4))?
-3
(-7 - (1 + -1)) + 10 + (-2 - 1)
0
Evaluate 4 - (-7 + (18 - (5 + 2))) - -14.
14
Evaluate -20 + -30 + 32 + -3.
-21
What is -30 - (-37 - 19 - -21)?
5
(6 - (-3 - -1)) + -113 + 76 - -8
-21
Evaluate 21 + -1 + -7 + -5 + 5.
13
What is -480 - -471 - (0 + (-2 - -10))?
-17
15 + (11 - -2 - (11 - -3))
14
What is (-11 - (4 + -5)) + 13 + (-15 - 16)?
-28
What is the value of -30 + 23 - (-18 + 4 + 2)?
5
Evaluate 7 + (144 - 135) + (0 - 13) + 6.
9
Evaluate 1 - (-15 + 6) - 8 - 9.
-7
Calculate (9 - -3) + (4 - -9) + -8 + 3.
20
What is the value of (5 - (-16 - -6) - 4) + 5?
16
Calculate 3 + (-57 - (8 - 36)).
-26
6 + (-1 - 4) + (17 - 28)
-10
Calculate -18 + 15 + -14 - -9.
-8
Calculate -8 + 27 + -12 + 4 + -13.
-2
What is -4 + 35 + -18 + -44?
-31
Evaluate -1 - (-1 + 2 + 5 - 13).
6
What is -3 + 0 + 1 + -2174 + 2160?
-16
-9 - ((-9 - (-6 - -2)) + -13) - 3
6
What is -1 + (41 - 1) + 7 + -2 + -8?
36
What is the value of 6 - (-24 + 8 + 31)?
-9
0 + 40 + -40 + 32
32
What is the value of -11 - (-6 + 1 + -19 + 11)?
2
What is the value of 7 + (-7 - -2) + 13 + -5?
10
Evaluate 5 + 0 + -2 + 2 + 5.
10
(18 + 11 - -5) + -21
13
Evaluate -4 - (-1 + -9) - (0 + -9 + 3).
12
36 - (-3 + 26) - (11 + -1)
3
0 + 25 - (218 - 205)
12
Evaluate -2 - (-49 + 20) - 3.
24
Calculate 51 + -34 - 24 - (-5 + 1).
-3
Calculate 29 - (15 + 3 + 30).
-19
(0 - 3) + (51 - 49) + 1 - -3
3
Evaluate -21 - -1 - (10 - -3 - 2) - 9.
-40
What is the value of 16 - (-62 + 62 - (-6 - 1)) - -4?
13
Evaluate (-9 - (-1 - 2)) + (-20 - -33).
7
What is -25 + (-35 - -16 - -62)?
18
What is -2 + (-27 - (-15 - -2)) + -9?
-25
What is (-22 - (10 + -11 + -7)) + -5?
-19
-42 + -19 + 30 - -19
-12
What is the value of -12 + -7 + 5 + 7 + -2?
-9
Evaluate (1 - 38) + (-49 - (-28 - 39)).
-19
What is (-3 - 1) + -3 - (20 - (-20 - -37))?
-10
195 + -168 - (13 - 0)
14
-14 + 3 + (1 - -10) + -5
-5
What is the value of 1 + -14 - (11 + -35 + 16)?
-5
What is the value of -4 - -7 - ((-4 - 19) + -1)?
27
What is -23 - (-24 - (-14 + 9))?
-4
(4 - 3) + 8 + -12 + 1
-2
What is -75 + (58 - -9) + (31 - 0)?
23
(16 - (0 + 11)) + 8
13
What is (0 - 6) + (-7 - 5 - -15) - 6?
-9
Calculate 1 + -11 + -101 + 104.
-7
What is the value of -8 + -7 + -4 + -5 - 6?
-30
What is -17 + (2 - (9 + -18 + (9 - 2)))?
-13
Evaluate 9 - (16 - (10 + -19)).
-16
-8 - (-4 - (-24 - (-11 + -4)))
-13
Evaluate -1 + 0 + (9 - 0) - (-2 + 2).
8
What is the value of -15 + (-1 - (-3 + (10 - 4) + -7))?
-12
Calculate 0 + 6 - (6 - (-8 + 9)).
1
What is -290 + 297 + (3 - -1)?
11
What is 4 - (-9 + (-15 - -6))?
22
Evaluate (-23 - -8) + 17 + 0 + -7.
-5
Evaluate -46 - -56 - ((-2 - 0) + 12).
0
What is -10 + -1 + 17 - (5 - -30)?
-29
-18 + (13 + -14 - -16)
-3
Calculate -10 + (-2 + 3 + 4 - (-37 - -38)).
-6
(-2 - 4) + 7 + -5 + -7 + -1
-12
Calculate 61 - 74 - (1 + 4 - 2).
-16
Evaluate 36 + -13 - 20 - (2 + 8 + 0).
-7
2 + 10 - (6 + 11 + -25 + -1)
21
Evaluate (-22 - 0) + 12 - (2 + -3).
-9
3 + -2 - (-9 - (3 + -21 + 1))
-7
Evaluate (7 - -1 - 2) + (122 - 115).
13
What is the value of -29 + 7 + (-7 + 0 + 10 - 4)?
-23
What is -4 - (-1 + 0 + -10 + (-16 - -21))?
2
What is 344 - 371 - (-1 + 3)?
-29
What is the value of 98 + -109 + (-3 - (2 + -2 - 6))?
-8
What is -7 + (1 - -1) + (19 - 12) - -6?
8
(2 - 22) + 10 + -2 + 78 + -88
-22
12 + -5 + -12 + 2 + 7
4
What is the value of ((4 - 1) + -6 - -4) + (51 - 52)?
0
Evaluate -13 + (-10 - 6) + 25 + (0 - 10).
-14
What is 5 - (-4 - -7 - 6) - (-1 - 2)?
11
What is -10 + -4 + 3 + 2 + 4?
-5
-1 + -13 + -5 - (11 - 22 - -11)
-19
Calculate (384 - 393) + (1 - -11 - -1) + 14.
18
-14 - (11 + 13 + -25 + 0)
-13
Calculate -1 - (3 - (-6 + (-5 - (-9 - -3)))).
-9
Evaluate (5 + (15 - 10) - 5) + (3 - -3).
11
Evaluate 2 - (0 - 0) - (13 + 4) - -3.
-12
Evaluate (-7 + -10 + 4 - -30) + -7.
10
What is the value of 15 - (-55 - (-29 + -11))?
30
What is the value of 4 + -8 - (11 - 1) - (1 - 3)?
-12
Calculate (1 + -16 - -55) + (1 - 5) - 7.
29
What is 9 + 5 - -1 - (3 + -6 + -1)?
19
Calculate (-3 + 19 - 20) + -23 + 8.
-19
Calculate (19 - -32 - 33) + -1.
17
Calculate 8 + (-27 - (-16 - 26)).
23
What is the value of 1 + 27 - (768 + -753)?
13
Evaluate -6 + 0 + 6 - -7 - (-3 - 5).
15
What is the value of -9 - (11 + -62 + 38)?
4
-380 + 368 - (-2 + (1 - 3))
-8
What is 49 + -50 - (-6 + (5 - 1)) - -19?
20
Calculate 0 - (-26 + 7 + 23).
-4
Calculate 5 + (3 + 6 + -2 - (1 + 4)).
7
What is 65 + -68 + (-2 + 33 - 4)?
24
Calculate -346 - -346 - (1 - (1 + 10 - 2)).
8
What is the value of -248 + 255 - (-1 + 12)?
-4
Evaluate 19 + 1 + -3 + -20.
-3
Evaluate -2 - ((-31 - -21) + 48).
-40
-4 + (7 - (13 + -9 + -4)) - -3
6
What is 8 + -15 + (-61 + 55 - (-5 + -1))?
-7
What is the value of -15 + 3 - (-7 - (-6 + -7))?
-18
Evaluate 28 + -21 - (2 - (5 - 3 - 31)).
-24
Evaluate (-14 + 5 - -3) + (0 - -2) + -5.
-9
What is (3 - -6 - -18) + -12 + 0?
15
Calculate (-3 + 12 + 4 - (1 + -1)) + 0.
13
What is the value of -19 + 27 - (19 + 1 + (9 - 8))?
-13
What is (-3 - -3) + (-5 - (16 + -9))?
-12
What is (3 - (3 + -3 + 9 + 3)) + 8?
-1
-10 + (12 + -6 + -17 - (-23 - -4))
-2
Evaluate -232 + 199 - (4 - (-6 - -23)).
-20
Evaluate (-5 - -3) + 8 + (32 + -10 - 16).
12
What is 11 - 8 - (2 + -4 + 13)?
-8
What is 34 + -19 + -5 - 11?
-1
Calculate (5 - 2) + (-7 - -3) + -2 - -14.
11
What is the value of -5 + (-9 - -3) + (-2 - -7 - 4)?
-10
Evaluate (-9 - (13 - 12)) + (11 - 2 - -4).
3
-2 + (1 + -13 + 3 + 7 - -7)
3
What is 13 - 7 - -3 - (0 + -2 + 7)?
4
(16 - (-8 - -18)) + -4 + 7
9
What is the value of 14 -